 = -2*b + 3*b. Let d(l) = 5*l**2 + 5 + 5*l - 3*l**2 + 2 - l**2. Let o be d(-5). Calculate the highest common divisor of b and o.
7
Let f be -2 - 24*(12 + 1). Let h = -138 - f. Calculate the greatest common divisor of h and 16.
16
Let h(y) = -10*y + 6. Let k be h(-3). What is the highest common factor of 54 and k?
18
Let x(z) = z**2 + 6*z - 4. Let b be x(-8). Let n = -5 - -8. Suppose -32 = -2*o + 5*u, 2*u + n - 1 = -o. What is the greatest common factor of b and o?
6
Let h(d) = 3*d**3 - 6*d**2 + 13*d**2 - 2*d**3 + 9 + 6*d. Let g be h(-6). Calculate the highest common factor of g and 72.
9
Let q(d) = 4*d. Let g be q(5). Calculate the greatest common divisor of g and 5.
5
Suppose -5*y - 14 = -69. Let t be 14 + (0 + -1 - 2). What is the greatest common divisor of t and y?
11
Suppose -9*s + 20 = -16. Calculate the greatest common factor of 4 and s.
4
Let s(w) = w**3 + w**2 - w. Let l be s(1). What is the highest common divisor of 4 and l?
1
Suppose -2*i = -4*p - 8, 4*i = 3*p - 3 + 14. Let y be 1/(1/110*i). Calculate the greatest common divisor of y and 11.
11
Suppose -5*g + 431 = 101. What is the greatest common divisor of 6 and g?
6
Suppose -25 = -5*a - y + 33, 30 = 3*a - y. Calculate the highest common factor of a and 55.
11
Suppose c - 3 = -4*i, 6*i - 3*i + 5*c = -19. Let j be (-4)/12 - i/(-6). Suppose j = g + 4, -l = -5*g + 12 - 41. What is the highest common factor of 99 and l?
9
Let z = 71 - 64. What is the highest common divisor of z and 7?
7
Let o(n) = -1. Let p(x) = x - 1. Let b(y) = 6*o(y) + p(y). Let l be b(7). Suppose l = 3*a + a - 12. What is the greatest common divisor of 27 and a?
3
Let h = 90 - 54. What is the highest common factor of 54 and h?
18
Let t be (-2)/(-8) + (-47)/(-4). What is the highest common factor of t and 36?
12
Let y be -72*((-20)/6)/5. Let b(n) = 2*n**2 - 2. Let z be b(-2). What is the greatest common divisor of z and y?
6
Let r = 28 + -19. What is the highest common divisor of 54 and r?
9
Let k be 52/6 + (-9)/(-27). What is the greatest common divisor of 6 and k?
3
Suppose -5*h + 4*h = -2. What is the highest common divisor of h and 18?
2
Let c(w) = w**3 - 4*w**2 + 5*w - 3. Let y be c(3). Let t be 7/(28/(-12))*-5. What is the highest common divisor of y and t?
3
Suppose 15 = -n + 4*n. Let w(g) = 6*g**2 - g. Let k be (-4)/4 + 2*1. Let z be w(k). What is the highest common factor of z and n?
5
Let p(g) = g**3 + 11*g**2 + 17*g - 2. Let b be p(-9). Let i = -17 - -24. What is the highest common divisor of i and b?
7
Let h be 363 - (5 + 2/(-1)). Suppose 0 = 3*g - 102 - h. What is the greatest common divisor of g and 14?
14
Let b be 16/14*63/18. Suppose b*p - 2*p = 2*q - 160, -4*q + 310 = p. What is the greatest common divisor of 26 and q?
26
Let h(f) = -f**2 + 10*f - 9. Suppose 0*z + 3*z - 27 = 0. Let v be h(z). Suppose -2*y + w - 3 + 6 = v, 1 = -y + w. What is the highest common divisor of 2 and y?
2
Suppose 3*n + 6 = 0, t - 3*t + n + 218 = 0. Calculate the highest common factor of t and 12.
12
Let g = 6 - 5. Suppose 6 - 2 = 2*l + 2*b, l = -2*b + g. Calculate the greatest common divisor of 6 and l.
3
Let x = 2 + -3. Let f = -9 - x. Let l = -4 - f. Calculate the highest common factor of l and 4.
4
Suppose -2*b = z - 58, 215 = 3*z + 2*z - 5*b. What is the greatest common divisor of z and 3?
3
Let s be (-15)/20 - (-114)/(-8). Let p be -2 + 5/(s/(-216)). Calculate the highest common factor of 7 and p.
7
Suppose 5*q = 47 + 13. Suppose 0 = -5*z + 4*t - 2*t + 248, -3*z + 3*t + 156 = 0. What is the greatest common factor of q and z?
12
Suppose 1 = 3*h - z, -1 = h - z - 2. Suppose 785 = 4*t + 29. Suppose 3*y + 0*y - t = h. Calculate the highest common divisor of y and 9.
9
Let m = -10 - -15. What is the highest common divisor of m and 5?
5
Let m = 15 - 10. Calculate the highest common divisor of m and 10.
5
Suppose m = -2*o - 30, -2*m = -5*m + o - 125. Let z = -16 - m. What is the greatest common factor of z and 192?
24
Let r be 20/160 + 382/16. What is the greatest common divisor of 6 and r?
6
Suppose 5*p + 0*j - 17 = -3*j, 2*j - 13 = -5*p. Let y be 2/4*0 + p. Calculate the greatest common factor of y and 8.
1
Suppose -4*c = -2*i + 108, 0*c + 216 = 4*i - c. What is the greatest common factor of i and 36?
18
Let k be (0 + 54)*(-20)/(-30). Calculate the highest common factor of k and 12.
12
Suppose j = -85 + 89. What is the highest common divisor of 52 and j?
4
Let n(h) = h**3 - 7*h**2 + 2. Let f be n(7). Let z be 17*-2*(-1)/f. Calculate the greatest common factor of 153 and z.
17
Suppose 5*b = -4*d + 78, -2*d - 4*b + 34 = -8. Calculate the greatest common factor of 17 and d.
17
Let q(y) = -y**3 + 3*y**2 - 3*y + 4. Let g be q(3). Let a = g + 7. Let j(z) = -2*z - 2. Let r be j(-6). What is the highest common factor of r and a?
2
Let l(b) be the first derivative of 3*b**2/2 + 2*b + 1. Let s be l(3). Let v be ((-22)/(-3) - 0)*9/6. What is the greatest common factor of v and s?
11
Suppose 12 = -2*o + 36. Let s be -2 + 6 + (2 - -54). Calculate the greatest common divisor of o and s.
12
Let z be 10/4*(3 - 1). Let a(y) = y**2 - 6*y + 6. Let c be a(z). What is the greatest common divisor of c and 7?
1
Let a(t) = -t**2 - 4*t + 4. Let h be a(-4). Let m be 30 + 4/2 + 4. What is the highest common divisor of m and h?
4
Suppose 2*d + 2*q = 12, 0 = -q + 2 + 3. Let x = d - -2. Let m = 61 - 37. What is the greatest common divisor of x and m?
3
Let q be 21/7 - (0 - 2). Suppose -q*z = 2*d - 22, 3*d + 3*z = z + 55. Calculate the greatest common divisor of d and 14.
7
Let p be 16/(7/2 + -3). Calculate the highest common factor of 8 and p.
8
Suppose -5*w - 5*g = -10*w + 80, 0 = w + 4*g - 26. Calculate the greatest common divisor of w and 90.
18
Let o(d) = d + 35. Let v be o(-20). What is the highest common divisor of 45 and v?
15
Let w = -10 + 16. Let b = 7 - w. Suppose -4*h + 17 = 5. What is the greatest common factor of b and h?
1
Let s = -14 + 12. Let i be (s - -2) + 78/1. Calculate the greatest common factor of i and 26.
26
Let x = -100 - -224. Suppose x = 3*b + 52. What is the greatest common divisor of b and 6?
6
Let y(m) = 46*m**2 + m. Let g be y(-1). Suppose 0*s - 3*i - 69 = -4*s, -3*s + 4*i + 57 = 0. What is the highest common divisor of s and g?
15
Let v(r) = r**3 + 11*r**2 - r - 8. Let i be v(-11). Let x(p) = 2 - 1 + 2*p - 18*p. Let g be x(-2). What is the greatest common factor of g and i?
3
Let i(o) = 49*o**2. Let a be i(-1). Suppose 5 = w, -2*y - w = 2*y - a. Calculate the highest common divisor of 77 and y.
11
Suppose -15 = -h - 3. Let w = h - 7. Suppose -3*f + w*s - 2*s + 27 = 0, 10 = -2*s. Calculate the highest common divisor of f and 12.
4
Suppose 4*k = 2*b - 48, 4*b + 4*k - 41 = 7. Calculate the greatest common factor of 48 and b.
16
Let w = 132 + -87. Let q be (2 + 21/(-6))*-2. Suppose -6*y + q*y + w = 0. Calculate the highest common divisor of 75 and y.
15
Let w = 184 + 31. Let l = -72 + w. Let m = 14 - 1. What is the greatest common factor of l and m?
13
Let c = -2 - -4. Suppose 2*l - 6 = -c. Suppose 0 = -l*x + 6*x - 64. Calculate the greatest common factor of 8 and x.
8
Suppose 3*x = -2*x + 10. Let f = x - 0. Suppose -4 + 19 = -5*k, j - 28 = f*k. What is the highest common divisor of 55 and j?
11
Suppose 0*b - 2 = -b. Suppose 0*d + 154 = b*d. What is the highest common factor of 11 and d?
11
Let m = -58 - -59. Calculate the highest common factor of m and 5.
1
Let o be (0 + -1)/(1 - (-38)/(-36)). What is the highest common factor of 126 and o?
18
Suppose 0 = 2*g - 1 - 9. Suppose 0 = -g*r + 2*r + 594. Calculate the greatest common divisor of r and 18.
18
Suppose -12*c + 1979 + 661 = 0. Let u(s) = 3*s - 1. Let q be u(7). What is the greatest common factor of c and q?
20
Let s = -86 - -104. What is the highest common divisor of 63 and s?
9
Let r(j) = -8*j**3 - 2*j**2 - 4*j - 2. Let s be r(-2). Suppose -y + 5*c + 2 = -15, 3*y - 4*c = s. What is the greatest common factor of y and 242?
22
Suppose -2*s = -5*s + 837. Let l be 9/6*(3 + s). Suppose p + 65 = -5*g + 223, 2*g = 3*p - l. Calculate the greatest common factor of p and 13.
13
Let n(j) = 3*j - 6. Let p be n(4). Calculate the highest common factor of p and 66.
6
Suppose -5*i + 0*i = -60. Let d be (0 + 8)/(1 + 0). Suppose 0 = -4*a - d + 32. What is the highest common diviso